{"id":274,"date":"2021-01-21T04:45:08","date_gmt":"2021-01-21T09:45:08","guid":{"rendered":"http:\/\/localhost\/procana\/?page_id=274"},"modified":"2023-09-05T10:54:33","modified_gmt":"2023-09-05T15:54:33","slug":"historia-de-la-cana","status":"publish","type":"page","link":"https:\/\/procana.org\/site\/historia-de-la-cana\/","title":{"rendered":"Historia de la Ca\u00f1a"},"content":{"rendered":"<p>[et_pb_section fb_built=&#8221;1&#8243; custom_padding_last_edited=&#8221;on|phone&#8221; disabled_on=&#8221;on|on|off&#8221; admin_label=&#8221;Section&#8221; _builder_version=&#8221;4.8.1&#8243; _module_preset=&#8221;default&#8221; background_color=&#8221;rgba(10,10,10,0.03)&#8221; background_image=&#8221;https:\/\/procana.org\/site\/wp-content\/uploads\/2021\/03\/banner-lacana-01.png&#8221; background_size=&#8221;contain&#8221; custom_margin=&#8221;30px||||false|false&#8221; custom_margin_tablet=&#8221;&#8221; custom_margin_phone=&#8221;&#8221; custom_margin_last_edited=&#8221;on|phone&#8221; custom_padding=&#8221;360px||0px|0px|false|false&#8221; custom_padding_tablet=&#8221;&#8221; custom_padding_phone=&#8221;|||60px|false|false&#8221; custom_css_main_element=&#8221;top:0px;||width:100%;&#8221; locked=&#8221;off&#8221;][\/et_pb_section][et_pb_section fb_built=&#8221;1&#8243; custom_padding_last_edited=&#8221;on|phone&#8221; disabled_on=&#8221;off|off|on&#8221; admin_label=&#8221;Section&#8221; _builder_version=&#8221;4.8.1&#8243; _module_preset=&#8221;default&#8221; background_color=&#8221;rgba(10,10,10,0.03)&#8221; background_image=&#8221;https:\/\/procana.org\/site\/wp-content\/uploads\/2021\/03\/banner-lacana-01.png&#8221; background_size=&#8221;contain&#8221; background_position=&#8221;center_right&#8221; custom_margin=&#8221;0px||-15px||false|false&#8221; custom_margin_tablet=&#8221;&#8221; custom_margin_phone=&#8221;&#8221; custom_margin_last_edited=&#8221;on|phone&#8221; custom_padding=&#8221;200px||0px|0px|false|false&#8221; custom_padding_tablet=&#8221;&#8221; custom_padding_phone=&#8221;|||60px|false|false&#8221; custom_css_main_element=&#8221;top:0px;||width:100%;&#8221; locked=&#8221;off&#8221;][\/et_pb_section][et_pb_section fb_built=&#8221;1&#8243; _builder_version=&#8221;4.8.1&#8243; _module_preset=&#8221;default&#8221; custom_padding=&#8221;19px|||||&#8221;][et_pb_row _builder_version=&#8221;4.8.1&#8243; _module_preset=&#8221;default&#8221; background_enable_image=&#8221;off&#8221; background_position=&#8221;top_center&#8221; width=&#8221;90%&#8221; max_width=&#8221;100%&#8221; custom_margin=&#8221;0px|auto||auto|false|false&#8221; locked=&#8221;off&#8221;][et_pb_column type=&#8221;4_4&#8243; _builder_version=&#8221;4.8.1&#8243; _module_preset=&#8221;default&#8221;][et_pb_text disabled_on=&#8221;off|off|off&#8221; _builder_version=&#8221;4.8.1&#8243; _module_preset=&#8221;default&#8221; text_font=&#8221;Oswald||||||||&#8221; custom_margin=&#8221;-3px||-2px||false|false&#8221; custom_padding=&#8221;|||80px|false|false&#8221;]<\/p>\n<h1 style=\"color: #173b72;\">Historia de la Ca\u00f1a<\/h1>\n<p>[\/et_pb_text][\/et_pb_column][\/et_pb_row][et_pb_row column_structure=&#8221;2_3,1_3&#8243; _builder_version=&#8221;4.8.1&#8243; _module_preset=&#8221;default&#8221; max_width=&#8221;80%&#8221; custom_margin=&#8221;0px|auto||auto|false|false&#8221;][et_pb_column type=&#8221;2_3&#8243; _builder_version=&#8221;4.8.1&#8243; _module_preset=&#8221;default&#8221;][et_pb_text _builder_version=&#8221;4.8.1&#8243; _module_preset=&#8221;default&#8221; text_font=&#8221;Montserrat||||||||&#8221; text_text_color=&#8221;#000000&#8243; header_font=&#8221;Oswald|300|||||||&#8221;]<\/p>\n<p style=\"text-align: justify;\">La ca\u00f1a de az\u00facar es uno de los cultivos m\u00e1s antiguos en el mundo, no se tienen datos concretos de cu\u00e1ndo inician su siembra, se cree que \u00e9sta empez\u00f3 3.000 a\u00f1os A.C. como un tipo de c\u00e9sped en la isla de Nueva Guinea y de all\u00ed se extendi\u00f3 a Borneo, Sumatra e India.<\/p>\n<p style=\"text-align: justify;\">La ca\u00f1a de az\u00facar pertenece a la familia de las gram\u00edneas, tiene caracter\u00edsticas como el tallo le\u00f1oso, lleno de un tejido esponjoso y dulce del que se extrae el az\u00facar. Su altura puede superar los dos metros de altura; tiene hojas largas, lampi\u00f1as y flores purp\u00fareas en panoja piramidal. Todo en esta planta se puede utilizar.<\/p>\n<p>La historia registra que el proceso del az\u00facar se escuch\u00f3 primero en la India. Hay varias leyendas que hacen referencia a la ca\u00f1a de az\u00facar, una nace en las Islas de Salom\u00f3n y dice que los antepasados de la raza humana se generaron de un tallo de la ca\u00f1a. Otra se encuentra escrita en el \u00c1tharva-veda, libro sagrado de los hind\u00faes, donde hablan de la corona hecha de ca\u00f1a de az\u00facar.<\/p>\n<p>Tambi\u00e9n est\u00e1 consignado que el general griego Nearchus, quien acompa\u00f1\u00f3 a Alejandro el Grande a la India en el <strong>IV siglo A.C.<\/strong> hablaba que de una ca\u00f1a que produjo &#8216;miel&#8217; sin la ayuda de las abejas.<br \/> Dicen que fue Crist\u00f3bal Col\u00f3n quien en <strong>1492<\/strong>, en su segundo viaje, introdujo la ca\u00f1a en Am\u00e9rica, a la Isla de La Espa\u00f1ola pero estas ca\u00f1as no prosperaron.<\/p>\n<p>Se afirma que en<strong> 1501<\/strong> fueron introducidas plantas que s\u00ed crecieron y lleg\u00f3 el \u00e9xito de las plantaciones de az\u00facar a Santo Domingo y que este se multiplic\u00f3 a lo largo del Caribe y Am\u00e9rica del Sur.<\/p>\n<p style=\"text-align: justify;\"><strong>COLOMBIA Y EL VALLE DEL CAUCA<\/strong><\/p>\n<p style=\"text-align: justify;\">Colombia no fue ajena a este movimiento, se plant\u00f3 por primera vez en Santa Mar\u00eda La Antigua del Dari\u00e9n en <strong>1510<\/strong>.<\/p>\n<p style=\"text-align: justify;\">Dice la historia que Pedro de Heredia, fundador de Cartagena, introdujo la ca\u00f1a en la Costa Atl\u00e1ntica alrededor de <strong>1533<\/strong> y posteriormente Sebasti\u00e1n de Belalc\u00e1zar, fundador de Santiago de Cali, la plant\u00f3 en el Valle del Cauca, en su estancia en Yumbo en <strong>1541<\/strong>.<\/p>\n<p style=\"text-align: justify;\">Hacia <strong>1550<\/strong> se fundaron tres ingenios a orillas del r\u00edo Amaime y desde esta regi\u00f3n se envi\u00f3 az\u00facar y miel a Panam\u00e1 en <strong>1588<\/strong>.<\/p>\n<p style=\"text-align: justify;\">Para <strong>1721<\/strong> hab\u00eda en el Valle del Cauca <strong>33<\/strong> trapiches en funcionamiento. La ca\u00f1a cultivada en ese entonces se denomina criolla, originada de las ca\u00f1as introducidas por los espa\u00f1oles. Durante la visita de Alexander Humboldt, considerado el \u2018padre de la geograf\u00eda moderna\u2019 y un especialista en temas como la bot\u00e1nica, el clima y la geolog\u00eda, lleg\u00f3 la recomendaci\u00f3n a los hacendados vallecaucanos de cultivar la variedad Tahit\u00ed u Otahiti la cual fue introducida al Valle del Cauca entre <strong>1802<\/strong> y <strong>1808<\/strong> y se esparci\u00f3 por el territorio colombiano.<\/p>\n<p style=\"text-align: justify;\">Un paso importante en el desarrollo azucarero del Valle del Cauca fue el establecimiento de un molino de tres masas horizontales que era accionado por una rueda de hierro que giraba con el impulso de las aguas del r\u00edo Nima, implemento que traer\u00eda en <strong>1897<\/strong> Santiago Eder.<br \/> Acci\u00f3n que inspir\u00f3 el ejercicio de la modernizaci\u00f3n. Se afirma que fue el <strong>1 de enero de 1901<\/strong> con la inauguraci\u00f3n de la f\u00e1brica de az\u00facar blanco granulado del actual Ingenio Manuelita, en Palmira, llegaron las centr\u00edfugas y equipos a vapor importados de Escocia, los cuales subieron la capacidad de molienda hasta 50 toneladas de ca\u00f1a cada doce horas.<\/p>\n<p style=\"text-align: justify;\">En <strong>1926<\/strong> se fund\u00f3 el Central Azucarero del Valle conocido desde entonces como Ingenio Providencia, con capacidad de molienda de 500 toneladas de ca\u00f1a en 24 horas, por gesti\u00f3n de Modesto Cabal Galindo.<\/p>\n<p>En <strong>1928<\/strong> empez\u00f3 producci\u00f3n el Ingenio Riopaila, por obra de Hernando Caicedo. En la d\u00e9cada de 1930 a 1939 aparecieron en el Valle del Cauca los ingenios, Mayag\u00fcez por decisi\u00f3n de Nicanor Hurtado; Bengala de Jos\u00e9 Mej\u00eda; Perod\u00edas de los hermanos Restrepo Plata; la Industria de Francisco Caldas y Mar\u00eda Luisa de Ignacio Posada. La comarca se convert\u00eda en la de mayor producci\u00f3n de az\u00facar centrifugado de Colombia.<\/p>\n<p>El pa\u00eds era todav\u00eda importador de az\u00facar. El Valle se hab\u00eda convertido en el mayor productor az\u00facar en el pa\u00eds. En la d\u00e9cada de <strong>1940<\/strong> a <strong>1949<\/strong> nuevos empresarios montaron ingenios.<\/p>\n<p>Hoy el sector agroindustrial de la ca\u00f1a de az\u00facar, genera m\u00e1s de 188 mil empleos en 47 municipios correspondientes a cinco departamentos del valle geogr\u00e1fico del r\u00edo Cauca. Adem\u00e1s, 350 mil familias paneleras realizan su actividad productiva a lo largo y ancho del territorio nacional.<\/p>\n<p>[\/et_pb_text][\/et_pb_column][et_pb_column type=&#8221;1_3&#8243; _builder_version=&#8221;4.8.1&#8243; _module_preset=&#8221;default&#8221;][et_pb_image src=&#8221;https:\/\/procana.org\/site\/wp-content\/uploads\/2021\/03\/quienes_somos_historiadeprocana-V2.png&#8221; title_text=&#8221;quienes_somos_historiadeprocana-V2&#8243; align=&#8221;center&#8221; _builder_version=&#8221;4.8.1&#8243; _module_preset=&#8221;default&#8221;][\/et_pb_image][\/et_pb_column][\/et_pb_row][\/et_pb_section]<\/p>\n","protected":false},"excerpt":{"rendered":"<p>Historia de la Ca\u00f1aLa ca\u00f1a de az\u00facar es uno de los cultivos m\u00e1s antiguos en el mundo, no se tienen datos concretos de cu\u00e1ndo inician su siembra, se cree que \u00e9sta empez\u00f3 3.000 a\u00f1os A.C. como un tipo de c\u00e9sped en la isla de Nueva Guinea y de all\u00ed se extendi\u00f3 a Borneo, Sumatra e [&hellip;]<\/p>\n","protected":false},"author":1,"featured_media":0,"parent":0,"menu_order":0,"comment_status":"closed","ping_status":"closed","template":"","meta":{"_et_pb_use_builder":"on","_et_pb_old_content":"<!-- wp:divi\/placeholder \/-->","_et_gb_content_width":"","footnotes":""},"class_list":["post-274","page","type-page","status-publish","hentry"],"_links":{"self":[{"href":"https:\/\/procana.org\/site\/wp-json\/wp\/v2\/pages\/274","targetHints":{"allow":["GET"]}}],"collection":[{"href":"https:\/\/procana.org\/site\/wp-json\/wp\/v2\/pages"}],"about":[{"href":"https:\/\/procana.org\/site\/wp-json\/wp\/v2\/types\/page"}],"author":[{"embeddable":true,"href":"https:\/\/procana.org\/site\/wp-json\/wp\/v2\/users\/1"}],"replies":[{"embeddable":true,"href":"https:\/\/procana.org\/site\/wp-json\/wp\/v2\/comments?post=274"}],"version-history":[{"count":10,"href":"https:\/\/procana.org\/site\/wp-json\/wp\/v2\/pages\/274\/revisions"}],"predecessor-version":[{"id":6251,"href":"https:\/\/procana.org\/site\/wp-json\/wp\/v2\/pages\/274\/revisions\/6251"}],"wp:attachment":[{"href":"https:\/\/procana.org\/site\/wp-json\/wp\/v2\/media?parent=274"}],"curies":[{"name":"wp","href":"https:\/\/api.w.org\/{rel}","templated":true}]}}

Historia de la Caña

<p>[et_pb_section fb_built=&#8221;1&#8243; custom_padding_last_edited=&#8221;on|phone&#8221; disabled_on=&#8221;on|on|off&#8221; admin_label=&#8221;Section&#8221; _builder_version=&#8221;4.8.1&#8243; _module_preset=&#8221;default&#8221; background_color=&#8221;rgba(10,10,10,0.03)&#8221; background_image=&#8221;https://procana.org/site/wp-content/uploads/2021/03/banner-lacana-01.png&#8221; background_size=&#8221;contain&#8221; custom_margin=&#8221;30px||||false|false&#8221; custom_margin_tablet=&#8221;&#8221; custom_margin_phone=&#8221;&#8221; custom_margin_last_edited=&#8221;on|phone&#8221; custom_padding=&#8221;360px||0px|0px|false|false&#8221; custom_padding_tablet=&#8221;&#8221; custom_padding_phone=&#8221;|||60px|false|false&#8221; custom_css_main_element=&#8221;top:0px;||width:100%;&#8221; locked=&#8221;off&#8221;][/et_pb_section][et_pb_section fb_built=&#8221;1&#8243; custom_padding_last_edited=&#8221;on|phone&#8221; disabled_on=&#8221;off|off|on&#8221; admin_label=&#8221;Section&#8221; _builder_version=&#8221;4.8.1&#8243; _module_preset=&#8221;default&#8221; background_color=&#8221;rgba(10,10,10,0.03)&#8221; background_image=&#8221;https://procana.org/site/wp-content/uploads/2021/03/banner-lacana-01.png&#8221; background_size=&#8221;contain&#8221; background_position=&#8221;center_right&#8221; custom_margin=&#8221;0px||-15px||false|false&#8221; custom_margin_tablet=&#8221;&#8221; custom_margin_phone=&#8221;&#8221; custom_margin_last_edited=&#8221;on|phone&#8221; custom_padding=&#8221;200px||0px|0px|false|false&#8221; custom_padding_tablet=&#8221;&#8221; custom_padding_phone=&#8221;|||60px|false|false&#8221; custom_css_main_element=&#8221;top:0px;||width:100%;&#8221; locked=&#8221;off&#8221;][/et_pb_section][et_pb_section fb_built=&#8221;1&#8243; _builder_version=&#8221;4.8.1&#8243; _module_preset=&#8221;default&#8221; custom_padding=&#8221;19px|||||&#8221;][et_pb_row _builder_version=&#8221;4.8.1&#8243; _module_preset=&#8221;default&#8221; background_enable_image=&#8221;off&#8221; background_position=&#8221;top_center&#8221; width=&#8221;90%&#8221; max_width=&#8221;100%&#8221; custom_margin=&#8221;0px|auto||auto|false|false&#8221; locked=&#8221;off&#8221;][et_pb_column type=&#8221;4_4&#8243; _builder_version=&#8221;4.8.1&#8243; _module_preset=&#8221;default&#8221;][et_pb_text disabled_on=&#8221;off|off|off&#8221; _builder_version=&#8221;4.8.1&#8243; _module_preset=&#8221;default&#8221; text_font=&#8221;Oswald||||||||&#8221; custom_margin=&#8221;-3px||-2px||false|false&#8221; custom_padding=&#8221;|||80px|false|false&#8221;]</p>
<h1 style="color: #173b72;">Historia de la Caña</h1>
<p>[/et_pb_text][/et_pb_column][/et_pb_row][et_pb_row column_structure=&#8221;2_3,1_3&#8243; _builder_version=&#8221;4.8.1&#8243; _module_preset=&#8221;default&#8221; max_width=&#8221;80%&#8221; custom_margin=&#8221;0px|auto||auto|false|false&#8221;][et_pb_column type=&#8221;2_3&#8243; _builder_version=&#8221;4.8.1&#8243; _module_preset=&#8221;default&#8221;][et_pb_text _builder_version=&#8221;4.8.1&#8243; _module_preset=&#8221;default&#8221; text_font=&#8221;Montserrat||||||||&#8221; text_text_color=&#8221;#000000&#8243; header_font=&#8221;Oswald|300|||||||&#8221;]</p>
<p style="text-align: justify;">La caña de azúcar es uno de los cultivos más antiguos en el mundo, no se tienen datos concretos de cuándo inician su siembra, se cree que ésta empezó 3.000 años A.C. como un tipo de césped en la isla de Nueva Guinea y de allí se extendió a Borneo, Sumatra e India.</p>
<p style="text-align: justify;">La caña de azúcar pertenece a la familia de las gramíneas, tiene características como el tallo leñoso, lleno de un tejido esponjoso y dulce del que se extrae el azúcar. Su altura puede superar los dos metros de altura; tiene hojas largas, lampiñas y flores purpúreas en panoja piramidal. Todo en esta planta se puede utilizar.</p>
<p>La historia registra que el proceso del azúcar se escuchó primero en la India. Hay varias leyendas que hacen referencia a la caña de azúcar, una nace en las Islas de Salomón y dice que los antepasados de la raza humana se generaron de un tallo de la caña. Otra se encuentra escrita en el Átharva-veda, libro sagrado de los hindúes, donde hablan de la corona hecha de caña de azúcar.</p>
<p>También está consignado que el general griego Nearchus, quien acompañó a Alejandro el Grande a la India en el <strong>IV siglo A.C.</strong> hablaba que de una caña que produjo &#8216;miel&#8217; sin la ayuda de las abejas.<br /> Dicen que fue Cristóbal Colón quien en <strong>1492</strong>, en su segundo viaje, introdujo la caña en América, a la Isla de La Española pero estas cañas no prosperaron.</p>
<p>Se afirma que en<strong> 1501</strong> fueron introducidas plantas que sí crecieron y llegó el éxito de las plantaciones de azúcar a Santo Domingo y que este se multiplicó a lo largo del Caribe y América del Sur.</p>
<p style="text-align: justify;"><strong>COLOMBIA Y EL VALLE DEL CAUCA</strong></p>
<p style="text-align: justify;">Colombia no fue ajena a este movimiento, se plantó por primera vez en Santa María La Antigua del Darién en <strong>1510</strong>.</p>
<p style="text-align: justify;">Dice la historia que Pedro de Heredia, fundador de Cartagena, introdujo la caña en la Costa Atlántica alrededor de <strong>1533</strong> y posteriormente Sebastián de Belalcázar, fundador de Santiago de Cali, la plantó en el Valle del Cauca, en su estancia en Yumbo en <strong>1541</strong>.</p>
<p style="text-align: justify;">Hacia <strong>1550</strong> se fundaron tres ingenios a orillas del río Amaime y desde esta región se envió azúcar y miel a Panamá en <strong>1588</strong>.</p>
<p style="text-align: justify;">Para <strong>1721</strong> había en el Valle del Cauca <strong>33</strong> trapiches en funcionamiento. La caña cultivada en ese entonces se denomina criolla, originada de las cañas introducidas por los españoles. Durante la visita de Alexander Humboldt, considerado el ‘padre de la geografía moderna’ y un especialista en temas como la botánica, el clima y la geología, llegó la recomendación a los hacendados vallecaucanos de cultivar la variedad Tahití u Otahiti la cual fue introducida al Valle del Cauca entre <strong>1802</strong> y <strong>1808</strong> y se esparció por el territorio colombiano.</p>
<p style="text-align: justify;">Un paso importante en el desarrollo azucarero del Valle del Cauca fue el establecimiento de un molino de tres masas horizontales que era accionado por una rueda de hierro que giraba con el impulso de las aguas del río Nima, implemento que traería en <strong>1897</strong> Santiago Eder.<br /> Acción que inspiró el ejercicio de la modernización. Se afirma que fue el <strong>1 de enero de 1901</strong> con la inauguración de la fábrica de azúcar blanco granulado del actual Ingenio Manuelita, en Palmira, llegaron las centrífugas y equipos a vapor importados de Escocia, los cuales subieron la capacidad de molienda hasta 50 toneladas de caña cada doce horas.</p>
<p style="text-align: justify;">En <strong>1926</strong> se fundó el Central Azucarero del Valle conocido desde entonces como Ingenio Providencia, con capacidad de molienda de 500 toneladas de caña en 24 horas, por gestión de Modesto Cabal Galindo.</p>
<p>En <strong>1928</strong> empezó producción el Ingenio Riopaila, por obra de Hernando Caicedo. En la década de 1930 a 1939 aparecieron en el Valle del Cauca los ingenios, Mayagüez por decisión de Nicanor Hurtado; Bengala de José Mejía; Perodías de los hermanos Restrepo Plata; la Industria de Francisco Caldas y María Luisa de Ignacio Posada. La comarca se convertía en la de mayor producción de azúcar centrifugado de Colombia.</p>
<p>El país era todavía importador de azúcar. El Valle se había convertido en el mayor productor azúcar en el país. En la década de <strong>1940</strong> a <strong>1949</strong> nuevos empresarios montaron ingenios.</p>
<p>Hoy el sector agroindustrial de la caña de azúcar, genera más de 188 mil empleos en 47 municipios correspondientes a cinco departamentos del valle geográfico del río Cauca. Además, 350 mil familias paneleras realizan su actividad productiva a lo largo y ancho del territorio nacional.</p>
<p>[/et_pb_text][/et_pb_column][et_pb_column type=&#8221;1_3&#8243; _builder_version=&#8221;4.8.1&#8243; _module_preset=&#8221;default&#8221;][et_pb_image src=&#8221;https://procana.org/site/wp-content/uploads/2021/03/quienes_somos_historiadeprocana-V2.png&#8221; title_text=&#8221;quienes_somos_historiadeprocana-V2&#8243; align=&#8221;center&#8221; _builder_version=&#8221;4.8.1&#8243; _module_preset=&#8221;default&#8221;][/et_pb_image][/et_pb_column][/et_pb_row][/et_pb_section]</p>

<p>Historia de la CañaLa caña de azúcar es uno de los cultivos más antiguos en el mundo, no se tienen datos concretos de cuándo inician su siembra, se cree que ésta empezó 3.000 años A.C. como un tipo de césped en la isla de Nueva Guinea y de allí se extendió a Borneo, Sumatra e [&hellip;]</p>
