{"id":2489,"date":"2021-03-29T11:14:57","date_gmt":"2021-03-29T16:14:57","guid":{"rendered":"https:\/\/procana.org\/site\/?page_id=2489"},"modified":"2021-03-29T11:23:56","modified_gmt":"2021-03-29T16:23:56","slug":"proteccion-de-datos-2","status":"publish","type":"page","link":"https:\/\/procana.org\/site\/proteccion-de-datos-2\/","title":{"rendered":"Protecci\u00f3n de Datos"},"content":{"rendered":"<p>[et_pb_section fb_built=&#8221;1&#8243; custom_padding_last_edited=&#8221;on|phone&#8221; disabled_on=&#8221;on|on|off&#8221; admin_label=&#8221;Section&#8221; _builder_version=&#8221;4.8.1&#8243; _module_preset=&#8221;default&#8221; background_color=&#8221;rgba(10,10,10,0.03)&#8221; background_image=&#8221;https:\/\/procana.org\/site\/wp-content\/uploads\/2021\/03\/banner-calidad-01.png&#8221; background_size=&#8221;contain&#8221; custom_margin=&#8221;30px||||false|false&#8221; custom_margin_tablet=&#8221;&#8221; custom_margin_phone=&#8221;&#8221; custom_margin_last_edited=&#8221;on|phone&#8221; custom_padding=&#8221;360px||0px|0px|false|false&#8221; custom_padding_tablet=&#8221;&#8221; custom_padding_phone=&#8221;|||60px|false|false&#8221; custom_css_main_element=&#8221;top:0px;||width:100%;&#8221; locked=&#8221;off&#8221;][\/et_pb_section][et_pb_section fb_built=&#8221;1&#8243; custom_padding_last_edited=&#8221;on|phone&#8221; disabled_on=&#8221;off|off|on&#8221; admin_label=&#8221;Section&#8221; _builder_version=&#8221;4.8.1&#8243; _module_preset=&#8221;default&#8221; background_color=&#8221;rgba(10,10,10,0.03)&#8221; background_image=&#8221;https:\/\/procana.org\/site\/wp-content\/uploads\/2021\/03\/banner-calidad-01.png&#8221; background_size=&#8221;contain&#8221; background_position=&#8221;center_right&#8221; custom_margin=&#8221;0px||-15px||false|false&#8221; custom_margin_tablet=&#8221;&#8221; custom_margin_phone=&#8221;&#8221; custom_margin_last_edited=&#8221;on|phone&#8221; custom_padding=&#8221;200px||0px|0px|false|false&#8221; custom_padding_tablet=&#8221;&#8221; custom_padding_phone=&#8221;|||60px|false|false&#8221; custom_css_main_element=&#8221;top:0px;||width:100%;&#8221; locked=&#8221;off&#8221;][\/et_pb_section][et_pb_section fb_built=&#8221;1&#8243; _builder_version=&#8221;4.8.1&#8243; _module_preset=&#8221;default&#8221; custom_padding=&#8221;19px|||||&#8221;][et_pb_row _builder_version=&#8221;4.8.1&#8243; _module_preset=&#8221;default&#8221; background_enable_image=&#8221;off&#8221; background_position=&#8221;top_center&#8221; width=&#8221;90%&#8221; max_width=&#8221;100%&#8221; custom_margin=&#8221;0px|auto||auto|false|false&#8221; locked=&#8221;off&#8221;][et_pb_column type=&#8221;4_4&#8243; _builder_version=&#8221;4.8.1&#8243; _module_preset=&#8221;default&#8221;][et_pb_text disabled_on=&#8221;off|off|off&#8221; _builder_version=&#8221;4.8.1&#8243; _module_preset=&#8221;default&#8221; text_font=&#8221;Oswald||||||||&#8221; custom_margin=&#8221;-3px||-2px||false|false&#8221; custom_padding=&#8221;|||80px|false|false&#8221; hover_enabled=&#8221;0&#8243; sticky_enabled=&#8221;0&#8243;]<\/p>\n<h1 style=\"color: #173b72;\">Sistema de Protecci\u00f3n de Datos<\/h1>\n<p>[\/et_pb_text][\/et_pb_column][\/et_pb_row][et_pb_row _builder_version=&#8221;4.8.1&#8243; _module_preset=&#8221;default&#8221; max_width=&#8221;80%&#8221; custom_margin=&#8221;0px|auto||auto|false|false&#8221;][et_pb_column type=&#8221;4_4&#8243; _builder_version=&#8221;4.8.1&#8243; _module_preset=&#8221;default&#8221;][et_pb_text _builder_version=&#8221;4.8.1&#8243; _module_preset=&#8221;default&#8221; text_font=&#8221;Montserrat||||||||&#8221; text_text_color=&#8221;#000000&#8243; header_font=&#8221;Oswald|300|||||||&#8221; hover_enabled=&#8221;0&#8243; sticky_enabled=&#8221;0&#8243;]<\/p>\n<p style=\"text-align: justify;\">Proca\u00f1a ha implementado el sistema de protecci\u00f3n de datos en cumplimiento de los art\u00edculos 15 y 20 de la Constituci\u00f3n Pol\u00edtica; de los art\u00edculos 17 literal k) y 18 literal f) de la Ley Estatutaria 1581 de 2012, por la cual se dictan disposiciones generales para la Protecci\u00f3n de Datos Personales (LEPD), del art\u00edculo 2.2.2.25.1.1 secci\u00f3n 1 cap\u00edtulo 25 del Decreto 1074 de 2015, el cual, reglamenta parcialmente la Ley 1581 de 2012 (Art\u00edculo 13 del Decreto 1377 de 2013).<\/p>\n<p style=\"text-align: justify;\">Este sistema tiene como finalidad la protecci\u00f3n de los datos personales registrados en bases de datos y archivos que sean objeto de tratamiento por parte de Proca\u00f1a, respetando los criterios para la obtenci\u00f3n, recolecci\u00f3n, uso, tratamiento, procesamiento, intercambio, transferencia y transmisi\u00f3n, y fijar las responsabilidades de PROCA\u00d1A y de sus empleados.<\/p>\n<p style=\"text-align: justify;\">Se han puesto a disposici\u00f3n de los titulares de la informaci\u00f3n manejada en nuestras bases de datos, las pol\u00edticas establecidas seg\u00fan la reglamentaci\u00f3n y los medios a trav\u00e9s de los cuales puedan presentar sus solicitudes y\/o ejercer sus derechos. El correo electr\u00f3nico asignado para estas comunicaciones es protecciondatos@procana.org o pueden entregar por medio f\u00edsico en la sede de Proca\u00f1a Calle 64N #5BN-146 Oficina 315 A Centroempresa.<\/p>\n<p>[\/et_pb_text][\/et_pb_column][\/et_pb_row][\/et_pb_section]<\/p>\n","protected":false},"excerpt":{"rendered":"<p>Sistema de Protecci\u00f3n de Datos Proca\u00f1a ha implementado el sistema de protecci\u00f3n de datos en cumplimiento de los art\u00edculos 15 y 20 de la Constituci\u00f3n Pol\u00edtica; de los art\u00edculos 17 literal k) y 18 literal f) de la Ley Estatutaria 1581 de 2012, por la cual se dictan disposiciones generales para la Protecci\u00f3n de Datos [&hellip;]<\/p>\n","protected":false},"author":681,"featured_media":0,"parent":0,"menu_order":0,"comment_status":"closed","ping_status":"closed","template":"","meta":{"_et_pb_use_builder":"on","_et_pb_old_content":"","_et_gb_content_width":"","footnotes":""},"class_list":["post-2489","page","type-page","status-publish","hentry"],"_links":{"self":[{"href":"https:\/\/procana.org\/site\/wp-json\/wp\/v2\/pages\/2489","targetHints":{"allow":["GET"]}}],"collection":[{"href":"https:\/\/procana.org\/site\/wp-json\/wp\/v2\/pages"}],"about":[{"href":"https:\/\/procana.org\/site\/wp-json\/wp\/v2\/types\/page"}],"author":[{"embeddable":true,"href":"https:\/\/procana.org\/site\/wp-json\/wp\/v2\/users\/681"}],"replies":[{"embeddable":true,"href":"https:\/\/procana.org\/site\/wp-json\/wp\/v2\/comments?post=2489"}],"version-history":[{"count":3,"href":"https:\/\/procana.org\/site\/wp-json\/wp\/v2\/pages\/2489\/revisions"}],"predecessor-version":[{"id":2497,"href":"https:\/\/procana.org\/site\/wp-json\/wp\/v2\/pages\/2489\/revisions\/2497"}],"wp:attachment":[{"href":"https:\/\/procana.org\/site\/wp-json\/wp\/v2\/media?parent=2489"}],"curies":[{"name":"wp","href":"https:\/\/api.w.org\/{rel}","templated":true}]}}

Protección de Datos

<p>[et_pb_section fb_built=&#8221;1&#8243; custom_padding_last_edited=&#8221;on|phone&#8221; disabled_on=&#8221;on|on|off&#8221; admin_label=&#8221;Section&#8221; _builder_version=&#8221;4.8.1&#8243; _module_preset=&#8221;default&#8221; background_color=&#8221;rgba(10,10,10,0.03)&#8221; background_image=&#8221;https://procana.org/site/wp-content/uploads/2021/03/banner-calidad-01.png&#8221; background_size=&#8221;contain&#8221; custom_margin=&#8221;30px||||false|false&#8221; custom_margin_tablet=&#8221;&#8221; custom_margin_phone=&#8221;&#8221; custom_margin_last_edited=&#8221;on|phone&#8221; custom_padding=&#8221;360px||0px|0px|false|false&#8221; custom_padding_tablet=&#8221;&#8221; custom_padding_phone=&#8221;|||60px|false|false&#8221; custom_css_main_element=&#8221;top:0px;||width:100%;&#8221; locked=&#8221;off&#8221;][/et_pb_section][et_pb_section fb_built=&#8221;1&#8243; custom_padding_last_edited=&#8221;on|phone&#8221; disabled_on=&#8221;off|off|on&#8221; admin_label=&#8221;Section&#8221; _builder_version=&#8221;4.8.1&#8243; _module_preset=&#8221;default&#8221; background_color=&#8221;rgba(10,10,10,0.03)&#8221; background_image=&#8221;https://procana.org/site/wp-content/uploads/2021/03/banner-calidad-01.png&#8221; background_size=&#8221;contain&#8221; background_position=&#8221;center_right&#8221; custom_margin=&#8221;0px||-15px||false|false&#8221; custom_margin_tablet=&#8221;&#8221; custom_margin_phone=&#8221;&#8221; custom_margin_last_edited=&#8221;on|phone&#8221; custom_padding=&#8221;200px||0px|0px|false|false&#8221; custom_padding_tablet=&#8221;&#8221; custom_padding_phone=&#8221;|||60px|false|false&#8221; custom_css_main_element=&#8221;top:0px;||width:100%;&#8221; locked=&#8221;off&#8221;][/et_pb_section][et_pb_section fb_built=&#8221;1&#8243; _builder_version=&#8221;4.8.1&#8243; _module_preset=&#8221;default&#8221; custom_padding=&#8221;19px|||||&#8221;][et_pb_row _builder_version=&#8221;4.8.1&#8243; _module_preset=&#8221;default&#8221; background_enable_image=&#8221;off&#8221; background_position=&#8221;top_center&#8221; width=&#8221;90%&#8221; max_width=&#8221;100%&#8221; custom_margin=&#8221;0px|auto||auto|false|false&#8221; locked=&#8221;off&#8221;][et_pb_column type=&#8221;4_4&#8243; _builder_version=&#8221;4.8.1&#8243; _module_preset=&#8221;default&#8221;][et_pb_text disabled_on=&#8221;off|off|off&#8221; _builder_version=&#8221;4.8.1&#8243; _module_preset=&#8221;default&#8221; text_font=&#8221;Oswald||||||||&#8221; custom_margin=&#8221;-3px||-2px||false|false&#8221; custom_padding=&#8221;|||80px|false|false&#8221; hover_enabled=&#8221;0&#8243; sticky_enabled=&#8221;0&#8243;]</p>
<h1 style="color: #173b72;">Sistema de Protección de Datos</h1>
<p>[/et_pb_text][/et_pb_column][/et_pb_row][et_pb_row _builder_version=&#8221;4.8.1&#8243; _module_preset=&#8221;default&#8221; max_width=&#8221;80%&#8221; custom_margin=&#8221;0px|auto||auto|false|false&#8221;][et_pb_column type=&#8221;4_4&#8243; _builder_version=&#8221;4.8.1&#8243; _module_preset=&#8221;default&#8221;][et_pb_text _builder_version=&#8221;4.8.1&#8243; _module_preset=&#8221;default&#8221; text_font=&#8221;Montserrat||||||||&#8221; text_text_color=&#8221;#000000&#8243; header_font=&#8221;Oswald|300|||||||&#8221; hover_enabled=&#8221;0&#8243; sticky_enabled=&#8221;0&#8243;]</p>
<p style="text-align: justify;">Procaña ha implementado el sistema de protección de datos en cumplimiento de los artículos 15 y 20 de la Constitución Política; de los artículos 17 literal k) y 18 literal f) de la Ley Estatutaria 1581 de 2012, por la cual se dictan disposiciones generales para la Protección de Datos Personales (LEPD), del artículo 2.2.2.25.1.1 sección 1 capítulo 25 del Decreto 1074 de 2015, el cual, reglamenta parcialmente la Ley 1581 de 2012 (Artículo 13 del Decreto 1377 de 2013).</p>
<p style="text-align: justify;">Este sistema tiene como finalidad la protección de los datos personales registrados en bases de datos y archivos que sean objeto de tratamiento por parte de Procaña, respetando los criterios para la obtención, recolección, uso, tratamiento, procesamiento, intercambio, transferencia y transmisión, y fijar las responsabilidades de PROCAÑA y de sus empleados.</p>
<p style="text-align: justify;">Se han puesto a disposición de los titulares de la información manejada en nuestras bases de datos, las políticas establecidas según la reglamentación y los medios a través de los cuales puedan presentar sus solicitudes y/o ejercer sus derechos. El correo electrónico asignado para estas comunicaciones es protecciondatos@procana.org o pueden entregar por medio físico en la sede de Procaña Calle 64N #5BN-146 Oficina 315 A Centroempresa.</p>
<p>[/et_pb_text][/et_pb_column][/et_pb_row][/et_pb_section]</p>

<p>Sistema de Protección de Datos Procaña ha implementado el sistema de protección de datos en cumplimiento de los artículos 15 y 20 de la Constitución Política; de los artículos 17 literal k) y 18 literal f) de la Ley Estatutaria 1581 de 2012, por la cual se dictan disposiciones generales para la Protección de Datos [&hellip;]</p>
