{"id":1569,"date":"2021-03-12T09:12:05","date_gmt":"2021-03-12T14:12:05","guid":{"rendered":"https:\/\/procana.org\/site\/?page_id=1569"},"modified":"2021-04-14T17:01:17","modified_gmt":"2021-04-14T22:01:17","slug":"estadisticas-del-sector","status":"publish","type":"page","link":"https:\/\/procana.org\/site\/estadisticas-del-sector\/","title":{"rendered":"Estad\u00edsticas del Sector"},"content":{"rendered":"<p>[et_pb_section fb_built=&#8221;1&#8243; custom_padding_last_edited=&#8221;on|phone&#8221; disabled_on=&#8221;on|on|off&#8221; admin_label=&#8221;Section&#8221; _builder_version=&#8221;4.8.1&#8243; _module_preset=&#8221;default&#8221; background_color=&#8221;rgba(10,10,10,0.03)&#8221; background_image=&#8221;https:\/\/procana.org\/site\/wp-content\/uploads\/2021\/03\/FotoSeccion1366x293EstadisticasSector.jpg&#8221; background_size=&#8221;contain&#8221; custom_margin=&#8221;30px||||false|false&#8221; custom_margin_tablet=&#8221;&#8221; custom_margin_phone=&#8221;&#8221; custom_margin_last_edited=&#8221;on|phone&#8221; custom_padding=&#8221;360px||0px|0px|false|false&#8221; custom_padding_tablet=&#8221;&#8221; custom_padding_phone=&#8221;|||60px|false|false&#8221; custom_css_main_element=&#8221;top:0px;||width:100%;&#8221; locked=&#8221;off&#8221;][\/et_pb_section][et_pb_section fb_built=&#8221;1&#8243; custom_padding_last_edited=&#8221;on|phone&#8221; disabled_on=&#8221;off|off|on&#8221; admin_label=&#8221;Section&#8221; _builder_version=&#8221;4.8.1&#8243; _module_preset=&#8221;default&#8221; background_color=&#8221;rgba(10,10,10,0.03)&#8221; background_image=&#8221;https:\/\/procana.org\/site\/wp-content\/uploads\/2021\/03\/FotoSeccion1366x293EstadisticasSector.jpg&#8221; background_size=&#8221;contain&#8221; background_position=&#8221;center_right&#8221; custom_margin=&#8221;0px||-15px||false|false&#8221; custom_margin_tablet=&#8221;&#8221; custom_margin_phone=&#8221;&#8221; custom_margin_last_edited=&#8221;on|phone&#8221; custom_padding=&#8221;200px||0px|0px|false|false&#8221; custom_padding_tablet=&#8221;&#8221; custom_padding_phone=&#8221;|||60px|false|false&#8221; custom_css_main_element=&#8221;top:0px;||width:100%;&#8221; locked=&#8221;off&#8221;][\/et_pb_section][et_pb_section fb_built=&#8221;1&#8243; _builder_version=&#8221;4.8.1&#8243; _module_preset=&#8221;default&#8221; custom_padding=&#8221;19px|||||&#8221;][et_pb_row _builder_version=&#8221;4.8.1&#8243; _module_preset=&#8221;default&#8221; background_enable_image=&#8221;off&#8221; background_position=&#8221;top_center&#8221; width=&#8221;90%&#8221; max_width=&#8221;100%&#8221; custom_margin=&#8221;0px|auto||auto|false|false&#8221;][et_pb_column type=&#8221;4_4&#8243; _builder_version=&#8221;4.8.1&#8243; _module_preset=&#8221;default&#8221;][et_pb_text disabled_on=&#8221;off|off|off&#8221; _builder_version=&#8221;4.8.1&#8243; _module_preset=&#8221;default&#8221; text_font=&#8221;Oswald||||||||&#8221; custom_margin=&#8221;-3px||10px||false|false&#8221; custom_padding=&#8221;|||0px|false|false&#8221;]<\/p>\n<h1 style=\"color: #173b72;\">Estad\u00edsticas del Sector<\/h1>\n<p>[\/et_pb_text][et_pb_text disabled_on=&#8221;on|on|off&#8221; _builder_version=&#8221;4.8.1&#8243; _module_preset=&#8221;default&#8221; text_font=&#8221;Montserrat||||||||&#8221;]<\/p>\n<table style=\"width: 100%;\">\n<tbody>\n<tr>\n<td style=\"width: 20%;\"><img loading=\"lazy\" decoding=\"async\" src=\"https:\/\/procana.org\/site\/wp-content\/uploads\/2021\/03\/IconoEstadisticasSector.png\" width=\"198\" height=\"171\" alt=\"\" class=\"wp-image-1722 alignleft size-full\" \/><\/td>\n<td style=\"width: 80%;\"><span>Compartimos informaci\u00f3n de actualidad e inter\u00e9s para nuestros afiliados que contribuye con el mejoramiento de los indicadores econ\u00f3micos, t\u00e9cnico ambientales y sociales:<br \/> <\/span><span><br \/> Ofrecemos informaciones estad\u00edsticas del sector<br \/> \u2022 Precios ponderados del az\u00facar<br \/> \u2022 Ajustes de excedentarios<br \/> \u2022 Precios de etanol<br \/> \u2022 Costos de producci\u00f3n\u00a0 del cultivo de la ca\u00f1a<br \/> \u2022 Indicadores de productividad<br \/> \u2022 Variables macroecon\u00f3micas<br \/> \u2022 Normatividad<br \/> \u2022 Coyuntura internacional del mercado<\/span><\/td>\n<\/tr>\n<\/tbody>\n<\/table>\n<p style=\"text-align: justify;\"><a href=\"https:\/\/procana.org\/site\/servicios-gremiales\/\" title=\"Servicios Gremiales\"><img loading=\"lazy\" decoding=\"async\" src=\"https:\/\/procana.org\/site\/wp-content\/uploads\/2021\/03\/BotonRegresar.png\" width=\"87\" height=\"36\" alt=\"\" class=\"wp-image-1657 alignnone size-full\" \/><\/a><\/p>\n<p>[\/et_pb_text][et_pb_text disabled_on=&#8221;off|off|on&#8221; _builder_version=&#8221;4.8.1&#8243; _module_preset=&#8221;default&#8221; text_font=&#8221;Montserrat||||||||&#8221; hover_enabled=&#8221;0&#8243; sticky_enabled=&#8221;0&#8243;]<\/p>\n<table style=\"width: 100%;\">\n<tbody>\n<tr>\n<td style=\"width: 80%; text-align: center;\"><img loading=\"lazy\" decoding=\"async\" src=\"https:\/\/procana.org\/site\/wp-content\/uploads\/2021\/03\/IconoEstadisticasSector.png\" width=\"198\" height=\"171\" alt=\"\" class=\"wp-image-1722 aligncenter size-full\" \/><\/td>\n<\/tr>\n<tr>\n<td style=\"width: 80%;\"><span>Compartimos informaci\u00f3n de actualidad e inter\u00e9s para nuestros afiliados que contribuye con el mejoramiento de los indicadores econ\u00f3micos, t\u00e9cnico ambientales y sociales.\u00a0<br \/> <\/span><span><br \/> Ofrecemos informaciones estad\u00edsticas del sector<br \/> \u2022 Precios ponderados del az\u00facar<br \/> \u2022 Ajustes de excedentarios<br \/> \u2022 Precios de etanol<br \/> \u2022 Costos de producci\u00f3n\u00a0 del cultivo de la ca\u00f1a<br \/> \u2022 Indicadores de productividad<br \/> \u2022 Variables macroecon\u00f3micas<br \/> \u2022 Normatividad<br \/> \u2022 Coyuntura internacional del mercado<\/span><\/td>\n<\/tr>\n<\/tbody>\n<\/table>\n<p style=\"text-align: justify;\"><a href=\"https:\/\/procana.org\/site\/servicios-gremiales\/\" title=\"Servicios Gremiales\"><img loading=\"lazy\" decoding=\"async\" src=\"https:\/\/procana.org\/site\/wp-content\/uploads\/2021\/03\/BotonRegresar.png\" width=\"87\" height=\"36\" alt=\"\" class=\"wp-image-1657 alignnone size-full\" \/><\/a><\/p>\n<p>[\/et_pb_text][et_pb_code _builder_version=&#8221;4.8.1&#8243; _module_preset=&#8221;default&#8221;]<iframe class=\"responsive-iframe\" style=\"position: absolute; top: 0; left: 0; bottom: 0; right: 0; width: 100%; height: 100%;\" src=\"https:\/\/procana.org\/site\/custom\/circulo-servicios.html\"><\/iframe>[\/et_pb_code][\/et_pb_column][\/et_pb_row][\/et_pb_section]<\/p>\n","protected":false},"excerpt":{"rendered":"<p>Estad\u00edsticas del Sector Compartimos informaci\u00f3n de actualidad e inter\u00e9s para nuestros afiliados que contribuye con el mejoramiento de los indicadores econ\u00f3micos, t\u00e9cnico ambientales y sociales: Ofrecemos informaciones estad\u00edsticas del sector \u2022 Precios ponderados del az\u00facar \u2022 Ajustes de excedentarios \u2022 Precios de etanol \u2022 Costos de producci\u00f3n\u00a0 del cultivo de la ca\u00f1a \u2022 Indicadores de [&hellip;]<\/p>\n","protected":false},"author":1,"featured_media":0,"parent":0,"menu_order":0,"comment_status":"closed","ping_status":"closed","template":"","meta":{"_et_pb_use_builder":"on","_et_pb_old_content":"<!-- wp:divi\/placeholder \/-->","_et_gb_content_width":"","footnotes":""},"class_list":["post-1569","page","type-page","status-publish","hentry"],"_links":{"self":[{"href":"https:\/\/procana.org\/site\/wp-json\/wp\/v2\/pages\/1569","targetHints":{"allow":["GET"]}}],"collection":[{"href":"https:\/\/procana.org\/site\/wp-json\/wp\/v2\/pages"}],"about":[{"href":"https:\/\/procana.org\/site\/wp-json\/wp\/v2\/types\/page"}],"author":[{"embeddable":true,"href":"https:\/\/procana.org\/site\/wp-json\/wp\/v2\/users\/1"}],"replies":[{"embeddable":true,"href":"https:\/\/procana.org\/site\/wp-json\/wp\/v2\/comments?post=1569"}],"version-history":[{"count":7,"href":"https:\/\/procana.org\/site\/wp-json\/wp\/v2\/pages\/1569\/revisions"}],"predecessor-version":[{"id":2589,"href":"https:\/\/procana.org\/site\/wp-json\/wp\/v2\/pages\/1569\/revisions\/2589"}],"wp:attachment":[{"href":"https:\/\/procana.org\/site\/wp-json\/wp\/v2\/media?parent=1569"}],"curies":[{"name":"wp","href":"https:\/\/api.w.org\/{rel}","templated":true}]}}

Estadísticas del Sector

<p>[et_pb_section fb_built=&#8221;1&#8243; custom_padding_last_edited=&#8221;on|phone&#8221; disabled_on=&#8221;on|on|off&#8221; admin_label=&#8221;Section&#8221; _builder_version=&#8221;4.8.1&#8243; _module_preset=&#8221;default&#8221; background_color=&#8221;rgba(10,10,10,0.03)&#8221; background_image=&#8221;https://procana.org/site/wp-content/uploads/2021/03/FotoSeccion1366x293EstadisticasSector.jpg&#8221; background_size=&#8221;contain&#8221; custom_margin=&#8221;30px||||false|false&#8221; custom_margin_tablet=&#8221;&#8221; custom_margin_phone=&#8221;&#8221; custom_margin_last_edited=&#8221;on|phone&#8221; custom_padding=&#8221;360px||0px|0px|false|false&#8221; custom_padding_tablet=&#8221;&#8221; custom_padding_phone=&#8221;|||60px|false|false&#8221; custom_css_main_element=&#8221;top:0px;||width:100%;&#8221; locked=&#8221;off&#8221;][/et_pb_section][et_pb_section fb_built=&#8221;1&#8243; custom_padding_last_edited=&#8221;on|phone&#8221; disabled_on=&#8221;off|off|on&#8221; admin_label=&#8221;Section&#8221; _builder_version=&#8221;4.8.1&#8243; _module_preset=&#8221;default&#8221; background_color=&#8221;rgba(10,10,10,0.03)&#8221; background_image=&#8221;https://procana.org/site/wp-content/uploads/2021/03/FotoSeccion1366x293EstadisticasSector.jpg&#8221; background_size=&#8221;contain&#8221; background_position=&#8221;center_right&#8221; custom_margin=&#8221;0px||-15px||false|false&#8221; custom_margin_tablet=&#8221;&#8221; custom_margin_phone=&#8221;&#8221; custom_margin_last_edited=&#8221;on|phone&#8221; custom_padding=&#8221;200px||0px|0px|false|false&#8221; custom_padding_tablet=&#8221;&#8221; custom_padding_phone=&#8221;|||60px|false|false&#8221; custom_css_main_element=&#8221;top:0px;||width:100%;&#8221; locked=&#8221;off&#8221;][/et_pb_section][et_pb_section fb_built=&#8221;1&#8243; _builder_version=&#8221;4.8.1&#8243; _module_preset=&#8221;default&#8221; custom_padding=&#8221;19px|||||&#8221;][et_pb_row _builder_version=&#8221;4.8.1&#8243; _module_preset=&#8221;default&#8221; background_enable_image=&#8221;off&#8221; background_position=&#8221;top_center&#8221; width=&#8221;90%&#8221; max_width=&#8221;100%&#8221; custom_margin=&#8221;0px|auto||auto|false|false&#8221;][et_pb_column type=&#8221;4_4&#8243; _builder_version=&#8221;4.8.1&#8243; _module_preset=&#8221;default&#8221;][et_pb_text disabled_on=&#8221;off|off|off&#8221; _builder_version=&#8221;4.8.1&#8243; _module_preset=&#8221;default&#8221; text_font=&#8221;Oswald||||||||&#8221; custom_margin=&#8221;-3px||10px||false|false&#8221; custom_padding=&#8221;|||0px|false|false&#8221;]</p>
<h1 style="color: #173b72;">Estadísticas del Sector</h1>
<p>[/et_pb_text][et_pb_text disabled_on=&#8221;on|on|off&#8221; _builder_version=&#8221;4.8.1&#8243; _module_preset=&#8221;default&#8221; text_font=&#8221;Montserrat||||||||&#8221;]</p>
<table style="width: 100%;">
<tbody>
<tr>
<td style="width: 20%;"><img loading="lazy" decoding="async" src="https://procana.org/site/wp-content/uploads/2021/03/IconoEstadisticasSector.png" width="198" height="171" alt="" class="wp-image-1722 alignleft size-full" /></td>
<td style="width: 80%;"><span>Compartimos información de actualidad e interés para nuestros afiliados que contribuye con el mejoramiento de los indicadores económicos, técnico ambientales y sociales:<br /> </span><span><br /> Ofrecemos informaciones estadísticas del sector<br /> • Precios ponderados del azúcar<br /> • Ajustes de excedentarios<br /> • Precios de etanol<br /> • Costos de producción  del cultivo de la caña<br /> • Indicadores de productividad<br /> • Variables macroeconómicas<br /> • Normatividad<br /> • Coyuntura internacional del mercado</span></td>
</tr>
</tbody>
</table>
<p style="text-align: justify;"><a href="https://procana.org/site/servicios-gremiales/" title="Servicios Gremiales"><img loading="lazy" decoding="async" src="https://procana.org/site/wp-content/uploads/2021/03/BotonRegresar.png" width="87" height="36" alt="" class="wp-image-1657 alignnone size-full" /></a></p>
<p>[/et_pb_text][et_pb_text disabled_on=&#8221;off|off|on&#8221; _builder_version=&#8221;4.8.1&#8243; _module_preset=&#8221;default&#8221; text_font=&#8221;Montserrat||||||||&#8221; hover_enabled=&#8221;0&#8243; sticky_enabled=&#8221;0&#8243;]</p>
<table style="width: 100%;">
<tbody>
<tr>
<td style="width: 80%; text-align: center;"><img loading="lazy" decoding="async" src="https://procana.org/site/wp-content/uploads/2021/03/IconoEstadisticasSector.png" width="198" height="171" alt="" class="wp-image-1722 aligncenter size-full" /></td>
</tr>
<tr>
<td style="width: 80%;"><span>Compartimos información de actualidad e interés para nuestros afiliados que contribuye con el mejoramiento de los indicadores económicos, técnico ambientales y sociales. <br /> </span><span><br /> Ofrecemos informaciones estadísticas del sector<br /> • Precios ponderados del azúcar<br /> • Ajustes de excedentarios<br /> • Precios de etanol<br /> • Costos de producción  del cultivo de la caña<br /> • Indicadores de productividad<br /> • Variables macroeconómicas<br /> • Normatividad<br /> • Coyuntura internacional del mercado</span></td>
</tr>
</tbody>
</table>
<p style="text-align: justify;"><a href="https://procana.org/site/servicios-gremiales/" title="Servicios Gremiales"><img loading="lazy" decoding="async" src="https://procana.org/site/wp-content/uploads/2021/03/BotonRegresar.png" width="87" height="36" alt="" class="wp-image-1657 alignnone size-full" /></a></p>
<p>[/et_pb_text][et_pb_code _builder_version=&#8221;4.8.1&#8243; _module_preset=&#8221;default&#8221;]<iframe class="responsive-iframe" style="position: absolute; top: 0; left: 0; bottom: 0; right: 0; width: 100%; height: 100%;" src="https://procana.org/site/custom/circulo-servicios.html"></iframe>[/et_pb_code][/et_pb_column][/et_pb_row][/et_pb_section]</p>

<p>Estadísticas del Sector Compartimos información de actualidad e interés para nuestros afiliados que contribuye con el mejoramiento de los indicadores económicos, técnico ambientales y sociales: Ofrecemos informaciones estadísticas del sector • Precios ponderados del azúcar • Ajustes de excedentarios • Precios de etanol • Costos de producción  del cultivo de la caña • Indicadores de [&hellip;]</p>
